he first derivative of -2*z**3/3 + 21*z**2 - 29*z - 14. Let a be b(20). What is the greatest common factor of 297 and a?
11
Let k = -3653 + 5633. Calculate the highest common divisor of 22 and k.
22
Let b(k) = -k + 48. Let i be b(18). Suppose 0 = 3*p + 3*v - 135, -180 = -4*p - p + 4*v. What is the highest common factor of i and p?
10
Let x be -1*449 - ((2 - 9) + 11). Let s = -349 - x. Let t(d) = 3*d - 8. Let a be t(7). Calculate the highest common factor of s and a.
13
Let y be ((-13)/(-65) + 1)*30. What is the greatest common divisor of 744 and y?
12
Suppose -4*p - 50 + 54 = 0. Let a be 12/(-15)*(3 - p)*-5. Let o = 29 - 9. Calculate the highest common factor of a and o.
4
Let w(j) = -2*j - 3. Let g be w(-11). Let y be (3/(-30)*12)/(6/40). Let u be (-38)/y*-2*(-21 - -3). What is the highest common divisor of u and g?
19
Let w = 5617 + -5056. Calculate the highest common factor of 17 and w.
17
Let g = -1004 + 1679. Calculate the highest common factor of g and 525.
75
Suppose 14*z = 5*z - 4*z + 4199. Calculate the highest common factor of z and 85.
17
Let y be (-3 - -10) + (-3)/6*10. Let t(h) = h**2 + h - 1. Let k be t(1). Calculate the greatest common divisor of k and y.
1
Suppose -2*k = 3*b + 149, -6*b + 2*k = -5*b + 39. Let a = b - -124. Suppose -4*i + 11*i = a. Calculate the highest common divisor of i and 99.
11
Let v be ((-3)/9 - 1)/(8/(-276)). What is the highest common factor of v and 2944?
46
Suppose 8*o - 1888 = 1168. Let j = -364 + o. What is the greatest common divisor of j and 198?
18
Suppose 471 = -5*k + 476. Let y be (k + 59)/(12/8). Let t = 464 - 304. What is the greatest common divisor of y and t?
40
Suppose 9*r + 425 = 3*l + 8*r, -r = -1. What is the highest common divisor of l and 8378?
142
Let l = -310 - -312. Suppose -2*p = -5*z + 892, -z = l*p - 6*p - 164. Calculate the highest common factor of z and 144.
36
Let p = -3432 + 3616. What is the highest common divisor of p and 69?
23
Let i(h) = 14*h + 436. Let w(p) = -21*p + 160. Let t be w(9). Let k be i(t). Let v be 238 + (3 - (-2)/(-2)). Calculate the greatest common divisor of k and v.
30
Let r be -2 + 903/4 + (-2)/(-8). Suppose 0 = 3*i - 20*i + 1921. Let z = i + -85. What is the greatest common divisor of z and r?
28
Suppose 17*b - 206 = 117. Suppose -8*s = -b*s + 308. Calculate the highest common divisor of 56 and s.
28
Suppose -3*t - 3*a = -72, 3*t + a + 0*a - 62 = 0. Suppose -235 = 14*l - t*l. Calculate the greatest common divisor of 564 and l.
47
Suppose -30*c - 28 = -2*c. Let z be 8588/114 - c*2/3. What is the highest common factor of 114 and z?
38
Let n(y) = 581*y**2 - 56*y - 135. Let w be n(-5). Calculate the highest common factor of w and 90.
90
Let s be (-9)/24 - ((-14963)/8 + -5). What is the greatest common factor of s and 150?
75
Let d(r) = r**3 + r**2 - 11*r + 21. Let o be d(2). Suppose f + 350 = o*f. What is the greatest common factor of f and 20?
5
Suppose 19 = -2*g + 25. Suppose 3*m - 66 = 3*w, 18 = -2*m + g*m + 3*w. Suppose 17 = -4*h + 73. What is the greatest common factor of m and h?
7
Suppose 3289 - 156 - 173 = 74*q. Calculate the greatest common divisor of q and 45.
5
Suppose -141*u - 25198 = -189*u + 223970. What is the highest common divisor of 232 and u?
29
Suppose 2*h - 2*j = 20, -4*h - j - 24 = -64. Let y be 3/(15/22) - 216/540. Calculate the greatest common factor of h and y.
2
Suppose 0 = -21*n + 22*n + 289. Let q = n + 406. Suppose -q + 45 = -3*t. Calculate the highest common divisor of 32 and t.
8
Suppose -20896 = -80*c - 4896. Suppose -u + r = -22, 0 = -4*u - 2*r - 3*r + 115. Calculate the greatest common factor of c and u.
25
Suppose -94*f + 177 + 145 = -48*f. What is the greatest common factor of f and 11263?
7
Suppose -1951 + 420 = -16*h + 2053. What is the greatest common divisor of h and 4536?
56
Let t(q) = -3*q - 13. Let f be t(-6). Suppose -3*v + f = -l - 0*l, 5*l - 5*v = -75. Let p = l - -65. What is the highest common divisor of p and 18?
9
Let r = 38 - 48. Let y = r + 12. Suppose -o = 3*m - 14, 8*o - 3*o + y*m = 44. What is the highest common divisor of o and 64?
8
Suppose 0 = -3*x + 4*x - 232. Let a = -331 - -355. Suppose a*d + 319 = 35*d. Calculate the highest common divisor of d and x.
29
Suppose 22*o - 1478 = -400. Let p(j) = j**2 - 12*j + 14. Let g be p(11). Suppose 0 = y - g*y + 28. What is the greatest common factor of y and o?
7
Let g(z) = 14*z**2 + 81*z - 1052. Let x be g(16). What is the greatest common factor of x and 928?
116
Let y = 98 - 157. Let q = y - -214. Suppose 575 = 3*h + q. Calculate the greatest common factor of h and 20.
20
Suppose -i - 75 = -4*i. Suppose 3*u - 15 = 0, 2*v + u - 34 + 21 = 0. Suppose 12*f = -v*f + 80. Calculate the greatest common divisor of i and f.
5
Let x = -12 + 72. Let l = -40 + x. What is the highest common divisor of 510 and l?
10
Suppose 4*b = -5*s + 44, -3*s - 5 = 7. Suppose 4 = -4*v, r - 44*v = -49*v + 171. Calculate the greatest common divisor of b and r.
16
Let f(w) = 139*w + 2. Let j be f(2). Suppose 7*p - j = 3*p. Let l be ((-60)/(-150))/((1*-2)/(-50)). What is the greatest common factor of p and l?
10
Let m = -223 - -321. Suppose -4*p - 5*h = -1124, -p + 192 + m = -h. What is the greatest common divisor of 26 and p?
26
Let d be (915/(-12))/(2*(-1)/40). What is the greatest common factor of 244 and d?
61
Let x be (4 - 5)*9 - -3. Let z be 158/12 - ((-175)/30 - x). What is the highest common factor of z and 13?
13
Let z(k) = k**3 + 6*k**2 + k + 8. Let v be z(-6). Let u be v*(65/10 - (-1 - -1)). Suppose -3*t = -u - 26. What is the highest common divisor of t and 26?
13
Let x be -2*(-5)/10 - 45. Let k be 2 + 1 - x/(-4). Let d be (36/k + 3)*(-8)/12. What is the greatest common divisor of d and 5?
1
Suppose 13*x = -26*x + 2277 + 1974. Calculate the highest common factor of 981 and x.
109
Let b(c) be the third derivative of -c**5/12 - 5*c**4/12 + 5*c**3/6 - 31*c**2. Let x be b(-6). Let u = -82 - x. Calculate the highest common factor of 11 and u.
11
Let k be (-31178)/(-350) - (-2*1)/((-75)/3). What is the highest common factor of k and 22784?
89
Let c = 33 - 25. Let r(a) = -3*a**3 - 13*a**2 - a - 10. Let o be r(-6). What is the highest common divisor of c and o?
8
Let u be (-1*1)/(-15 + 2560/170). Let z = 31 - u. Calculate the highest common divisor of z and 120.
24
Suppose 635 = 2*y - 145. Let u = -704 - -706. Suppose -z + 3*z = u*v - y, 3*v + 4*z - 550 = 0. What is the greatest common divisor of v and 76?
38
Let v be (2*2)/(8 + -9) - -4. Suppose 3*u - y - 115 = v, -2*y - 4 = 2*y. Calculate the greatest common factor of u and 38.
38
Suppose x + 17 - 1203 = -4*b, -6 = -3*x. Let a = 275 - 267. What is the highest common factor of b and a?
8
Suppose -2*g - 21 = -5*v, -7 = -v + 11*g - 12*g. What is the highest common divisor of 9215 and v?
5
Suppose -5*p = 30 - 195. Suppose -4*c + 15 = -5*l + 81, 2*l + 5*c = p. Let a = 236 + -194. Calculate the highest common divisor of l and a.
14
Suppose 41*m - 63*m + 572 = 0. What is the highest common divisor of 17602 and m?
26
Suppose 0 = -34*l + 26*l. Suppose -7*f + 37*f - 1200 = l. What is the greatest common factor of 30 and f?
10
Let t(y) = -y + 2. Let z(l) = -28. Let i(k) = -6*t(k) + 2*z(k). Let n be i(22). Suppose -3*x + 163 - n = 0. What is the greatest common factor of 22 and x?
11
Suppose k + 3*p = -14, 9*p - 17*p = 56. Calculate the greatest common factor of k and 9730.
7
Let o = 29012 - 28830. What is the greatest common factor of 938 and o?
14
Suppose 8*d = 13*d - 25. Let k(t) = 2*t**2 - 18*t + 15. Let u be k(10). What is the greatest common divisor of d and u?
5
Let z = -5469 + 5493. What is the highest common factor of 114 and z?
6
Let l be (-11)/(11/(-4)) - (-25 + 20). What is the greatest common factor of l and 6381?
9
Suppose 10*l = -3*l - 78. Let t be (l/((-6)/(-7)))/(1/(-4)). What is the greatest common factor of 8 and t?
4
Let y be ((-36)/3 - -5) + 154. Suppose -p + 258 = -y. Calculate the greatest common factor of 54 and p.
27
Suppose 4 = -5*c - 2*k + 1032, 4 = k. Let p be (-79 - 1)*(-51)/c. Let a be (-2 + (-2)/(-2))*-60. What is the greatest common divisor of a and p?
20
Suppose 32*r - 3003 = -199*r. What is the greatest common factor of r and 65?
13
Let q(s) = 2*s**2 - 3*s**2 - 11*s + s. Let x be q(-6). Suppose -14*c - 2 = 